
3
Let o(x) = -3*x + 1. Let p be o(-4). What is the units digit of 0/(-1 + 0) + p?
3
Let f(z) = 3*z - 1. Let m be f(1). Let t(j) = 3 - 2 - 2 - m*j + 5. What is the tens digit of t(-6)?
1
Let r be (-2 - 2)/((-1)/1). Suppose -r*h + 32 = -0. What is the units digit of h?
8
Let a = 48 - 14. What is the units digit of a?
4
What is the units digit of (-86)/(-3) - 9/(-27)?
9
Suppose -4 + 10 = 3*o. Suppose -o*t = 16 - 60. What is the units digit of t?
2
Let s(a) = -a**3 + 7*a**2 - a + 9. Let z be s(7). Suppose z*y = 3*y - 35. What is the tens digit of y?
3
Let g(y) = -7*y**2 + 2*y + 8. Let a(u) = 3*u**2 - u - 4. Let r(w) = 5*a(w) + 2*g(w). What is the units digit of r(-6)?
8
Let g(m) = 4*m**2 - 8*m + 9. What is the tens digit of g(4)?
4
Suppose 2*a = 5*c + 17, a + 6*c - 4*c - 4 = 0. Suppose 24 = 5*s - a. What is the units digit of s?
6
What is the units digit of 3/(2/9 - 184/(-144))?
2
Let d(b) = b**2 - 4*b - 3. What is the tens digit of d(-3)?
1
Let k(c) = -c + 1. Let i(p) = 2*p - 1. Let y(t) = 4*i(t) + 7*k(t). Let o be y(-2). What is the units digit of (1/4)/(o/4)?
1
Let i = -32 - -21. Let z(l) = -l**3 - 10*l**2 + 11*l + 7. What is the units digit of z(i)?
7
Let g(d) be the third derivative of -d**6/120 + 2*d**5/15 + d**4/2 - 2*d**3 + 8*d**2. What is the units digit of g(9)?
5
Let s be 8 + -4 - (3 - 26). Suppose -6*h + h = -z + s, -17 = -3*z - h. What is the units digit of z?
7
Suppose 3*f - u - 120 = 0, -6*u = 3*f - u - 120. What is the units digit of f?
0
Suppose 0 = -3*x, -5*o - 1 = 2*x + 19. What is the tens digit of -4 - 1*(-10 + o)?
1
Suppose 0 = 5*f + 10 - 85. Suppose 0*h = 3*h + f. Let m(i) = -2*i + 1. What is the tens digit of m(h)?
1
Let m be (-2)/(2 - 15/7). Let h = 2 - 6. Let f = m + h. What is the tens digit of f?
1
Suppose 0 = 5*k - 4*m + 1 - 51, -38 = -3*k + 4*m. Let a be 0 + (1 + 0)*2. Suppose 0*b + k = a*b. What is the units digit of b?
3
Let i = 69 - 30. What is the tens digit of i?
3
Let w = 973 - 676. What is the hundreds digit of w?
2
Suppose -4*k - 5*j = -358, 2*k + j = -4*j + 174. What is the units digit of k?
2
Let c = 55 - 109. Let q = -33 - c. What is the tens digit of q?
2
Suppose 0 = -2*j + 5*i - 10*i + 87, 0 = 3*j - 5*i - 118. What is the units digit of j?
1
Let v be (-2)/2 - -1 - 10. Let z = -5 - v. Suppose -2*j + 22 = 4*s, 17 = s + s - z*j. What is the units digit of s?
6
Suppose 3*b - 18 = -3*y - 0*b, 5*b + 20 = 5*y. Suppose n - 4*n = j - 19, 0 = y*n + 5*j - 45. Let g(m) = m**2 - 4*m. What is the units digit of g(n)?
5
Let j = -2 + 2. Let g = 3 - j. Let i = 0 + g. What is the units digit of i?
3
Let z(y) = y**3 - 17. What is the tens digit of z(4)?
4
Suppose s + 0*w - 24 = 2*w, -2*w = -5*s + 136. Let z = s + 1. What is the units digit of z?
9
Let u(x) = -1 + 1 - x - 3. What is the units digit of u(-8)?
5
Suppose -2*s - 2*q = q - 417, 0 = 2*s - 2*q - 402. What is the tens digit of s?
0
Suppose 1 = -2*h + 7. What is the units digit of h?
3
Let l(r) be the first derivative of r**5/40 + r**4/8 + 2*r**3/3 - 1. Let v(g) be the third derivative of l(g). What is the tens digit of v(3)?
1
Suppose 5*g + 4*f + 97 = 0, 3*g + 3*f + 78 = -g. Let i = 30 + g. Suppose 0 = -3*n + i - 3. What is the units digit of n?
2
Let q(x) = x**2 + 4*x + 9. Let l be q(-7). Suppose -2*m + l = 5*u, -2*m + 4*u + 32 = 2*m. What is the units digit of m?
0
Let w(b) = b**2 + 6*b + 3. Let z be w(-6). Suppose 0 = s - 3, 0*s = -z*v + 2*s. What is the units digit of v?
2
What is the units digit of (-12)/(1 + -5) - -4?
7
Let t = 2 - -21. What is the tens digit of t?
2
Let t(u) = -u**3 - 24*u**2 - 25*u + 23. What is the units digit of t(-23)?
9
Let g = -32 - -23. Let f(x) = x**3 + 9*x**2 + x + 10. Let t be f(g). Suppose 3 + t = i. What is the units digit of i?
4
What is the units digit of (-5070)/(-24) - (-9)/12?
2
Let q(p) = 4*p - 3*p - 4*p**3 + 3*p**3. Let s be q(1). Suppose s = -3*r + 9. What is the units digit of r?
3
What is the tens digit of ((-12)/18)/((-6)/351)?
3
Let x(q) = -q - 3. Let u be x(-7). Suppose 4 = u*a - 12. Let w = a + 1. What is the units digit of w?
5
Let w = -6 + 9. Suppose w*l - 48 = -l. What is the tens digit of l?
1
Suppose 0 = 3*h - 6, 96 + 64 = 3*c + 2*h. What is the units digit of c?
2
Let l(m) = -3*m**3 + 3*m**3 - 5*m + 12 - m**3 + 6*m - m**2. What is the tens digit of l(0)?
1
Let s(t) = t**3 + 5*t**2 - 7*t - 6. Let g be s(-6). Suppose g*z - 4*z + 52 = 0. What is the units digit of 0 + z + -3 + -1?
9
Let l = 2 - -64. What is the units digit of l?
6
Let f(m) = -m**3 - 3*m**2 - 5*m - 7. What is the tens digit of f(-4)?
2
Let c(l) be the second derivative of l**5/20 - 7*l**4/12 + 4*l**3/3 - 7*l**2/2 + 2*l. What is the units digit of c(6)?
5
Let f(x) = -2*x - 6. Let p be f(-4). Suppose p*k + 0 = c - 3, -17 = 3*k - 4*c. What is the units digit of k?
1
What is the tens digit of 449/11 + (-2)/(-11)?
4
Let u = 15 + -19. What is the units digit of 8*(-2 + (-10)/u)?
4
Let b = 16 + -11. Let p = 9 - b. What is the units digit of p?
4
Let d(l) = l + 13. Let y be d(-8). Suppose -y*s + 28 = -47. What is the tens digit of s?
1
Suppose -4*w + 0*w = 8, 3*w - 414 = -3*q. What is the hundreds digit of q?
1
Let i = 57 + -3. What is the units digit of i?
4
Suppose 2*z - 10 = 3*v, 2*v + 4*z + 1 = 5. Let p = v - -11. Suppose -4*g + p = -g. What is the units digit of g?
3
What is the tens digit of 179 + 0 + 2 + 5?
8
Suppose -2*g - 5*i + 16 = 0, 0*i - 3*i + 12 = 2*g. Suppose k - a - 7 = 0, -4*k + g*a = -2*a - 30. What is the units digit of (-4)/10*(0 - k)?
2
Suppose x + 2*x = 132. What is the units digit of x?
4
Let u(h) = -25*h + 8. Let k(v) = -25*v + 7. Let m(w) = -6*k(w) + 5*u(w). What is the tens digit of m(1)?
2
Let c(s) = s**3 + s**2 + s - 1. What is the units digit of c(3)?
8
Let h = 53 - 38. Let v = h - 9. Let q(n) = -n + 12. What is the units digit of q(v)?
6
Let k = 45 + 18. Suppose -k = -4*x + c, 0*x - 4*c - 60 = -4*x. What is the units digit of x?
6
Let k(l) = 8*l**2 - 6*l - 2. What is the tens digit of k(3)?
5
Suppose 0*l + 4*l = 88. What is the units digit of l?
2
Let i(m) = m**3 + 10*m**2 + 9*m + 8. What is the units digit of i(-9)?
8
Suppose 0*q + 5*q = 300. Suppose 0 = 4*k - 0*k - q. Suppose s - k = -0*s. What is the tens digit of s?
1
Suppose -t + 10 = 5*f, t + 3*f - 6*f - 2 = 0. What is the units digit of t?
5
Let d(o) = 5*o**2 - o + 4. Let n be d(4). Let y be n/(-12)*(-6)/(-4). What is the units digit of 8/(-20) - 34/y?
3
Suppose -3*f = -6*f + 15. Suppose 2*g = -f*y - 8, -g + 2*y + 2 = -3. Let b(m) = 9*m**3 - m + 1. What is the units digit of b(g)?
9
Let r = -3 - -5. Suppose 20 = r*n - 8. What is the tens digit of n?
1
Suppose 122 = -43*j + 45*j. What is the tens digit of j?
6
Suppose -k - 2*k = -42. What is the tens digit of k?
1
Suppose h + 4*l = 0, 2*l + 14 = 5*h - 8. Suppose -2*m - 2*b = -18, b + 0*b = h*m - 56. Let q = m - 9. What is the units digit of q?
4
Let r(z) be the second derivative of z**7/2520 + z**6/360 + z**5/120 - z**4/6 - 2*z. Let w(d) be the third derivative of r(d). What is the units digit of w(2)?
9
Let q(m) = -m**3 - 2*m**2 - 2*m - 1. What is the units digit of q(-4)?
9
Let y = 10 - 1. Let r = 2 + y. What is the tens digit of r?
1
Let j(g) = -g + 1. Let t(r) = -r**2 - r. Let b(u) = 4*j(u) - t(u). Let q be b(6). Suppose 0 = 5*v - 3*x - 4 - q, -3*x + 2 = 2*v. What is the units digit of v?
4
Let q be (1 - 7)/((-8)/4). Suppose -q*v - 2*v + 80 = 0. What is the units digit of v/(-2)*(-6 - -5)?
8
Let k = -8 - -11. Suppose 117 = k*z + 21. What is the units digit of z?
2
Let v be (4 + -3)*(5 - 0). Suppose -v*n = -5*t - 5 + 30, -3*t - 2*n = 5. What is the units digit of t?
1
Let w(s) = 1. Let f(b) = b**2 - 2. Let d(r) = f(r) + 3*w(r). What is the units digit of d(4)?
7
Suppose 7*c - 2*c = 325. What is the units digit of c?
5
Let c be (0 - 3) + (-2 - -31). Suppose 2*r + 2*m = c, -4*m + 20 = 5*r - 48. What is the tens digit of r?
1
Let g(j) = -j**2 - 8*j + 7. Let m(c) = -c**3 + 2*c**2 + 1. Let x be m(3). What is the units digit of g(x)?
7
Suppose -3*n + 0*n = 90. Let c be ((-12)/(-10))/((-9)/n). Let q = c - 2. What is the units digit of q?
2
Suppose -4 = -4*t + 28. Let h = t + 2. What is the tens digit of 0/(-2) + h + 2?
1
Let i = -145 + 254. Suppose 0*n - 4*s = 5*n - 152, 4*n = s + i. What is the tens digit of n?
2
What